 = o + 11*o. What is the units digit of o?
8
Let o = -52390 - -74780. What is the thousands digit of o?
2
Let v = 411 + -418. What is the tens digit of (-18)/315*5 - 541/v?
7
Suppose -4*o = 34 + 378. Let x = o - -100. What is the units digit of x/(9/(-4))*1500/20?
0
Let p be (-3 - -8)/(-25)*-5. Let j be ((-45)/p)/(12/(-8)). What is the tens digit of 3/j*6 + (-684)/(-10)?
6
Let z(l) = -12*l**2 - 3*l - 2. Let s(a) = 11*a**2 + 2*a + 1. Let v(j) = 5*s(j) + 4*z(j). Let q be v(-1). What is the units digit of (-148)/(q - 7) - -4*1?
2
Let k(v) = -39*v + 214. Let o be k(5). Suppose -39*r = -o*r - 40340. What is the hundreds digit of r?
0
Let u(x) = -28*x**3 - 2*x**2 - x. Let o be u(-1). Let c be 4 - (8/(-2) - o). Let s = c - 9. What is the tens digit of s?
2
Let j(h) = -h + 18. Let u be j(20). Let y(d) = 9*d**3 + 2*d**2 + 6*d + 3. Let q be y(u). Let s = q - -88. What is the tens digit of s?
1
Let o = 4 - 1. Suppose -2*u = 4*m + 10, 3*u = 12 + o. What is the tens digit of m - -9 - -1*32?
3
Let i(n) = 3337*n**2 - 102*n + 337. What is the units digit of i(3)?
4
Let s(a) = -9*a**2 - 3*a + 59. Let i be s(4). Let y(m) = 69*m. Let z be y(2). Let b = z + i. What is the tens digit of b?
4
Let b(a) = 271*a + 8794. What is the thousands digit of b(32)?
7
Let b(u) = 97*u - 15. Suppose 4*z - 12 = 2*o, -9*z = -4*z - 5*o - 15. What is the hundreds digit of b(z)?
2
Let z(q) = -121*q + 10. Let w be z(-20). Let c = w - 1651. What is the tens digit of c?
7
Let a(o) = -162*o - 101. What is the hundreds digit of a(-49)?
8
Let a = 4538 - -1666. What is the thousands digit of a?
6
Let o(v) = 71*v - 14. Let b(k) = -143*k + 27. Let t(c) = -3*b(c) - 5*o(c). Let q(p) = -49*p + 7. Let m(x) = 8*q(x) + 5*t(x). What is the units digit of m(-6)?
3
Let a = -643 - -644. Suppose 5982 = -11*k + 15*k - 2*b, 0 = -b - a. What is the tens digit of k?
9
Suppose 4*c = -4*r, -4*r - 44 = -48. What is the hundreds digit of c/(-9 + 10)*(-418)/2?
2
Suppose 39482 = 2*p - 3*t, 5*t - 14129 = -p + 5599. What is the tens digit of p?
3
Suppose 35832 = 4*l - 2*m, 756*m - 35832 = -4*l + 760*m. What is the thousands digit of l?
8
Suppose 4*k = -5*p, 4*p + 8 + 8 = 0. Suppose -5*h + 3300 = k*s, -5*s - 7*h = -5*h - 3306. What is the units digit of s?
2
Let g(h) = 7*h**2 + 3*h + 21. Let v be g(-5). Let l = v + -168. What is the units digit of l?
3
Suppose o + 2*l + 768 = 7782, -5*l = -o + 7042. What is the thousands digit of o?
7
Let f be 0/38 - (-71)/2*-2. Let q = 77 + f. What is the tens digit of (4 - (q - 55)) + 1 + -1?
5
Let k(v) = -v**3 - 21*v**2 + 15*v + 47. Let x be k(-21). What is the hundreds digit of x*5/20*-10?
6
Suppose 0 = -2*d - 17 + 33. Suppose d*i + 24 = 12*i. Suppose 7*w - 22 = i*w. What is the tens digit of w?
2
Let g = -166 - -201. What is the units digit of g/(-20)*-4 + 172?
9
Let c(l) = 3*l**2 - 63*l - 46. What is the hundreds digit of c(-26)?
6
Let l(u) be the third derivative of -389*u**4/8 + u**3/3 - 163*u**2. What is the units digit of l(-1)?
9
Suppose 686 = q + 141. Let i = 514 + q. What is the units digit of i?
9
Suppose -5*b + 40 = -4*f, -10 = -b - 4*b - 2*f. Suppose -b*w - 282 = -10*w. Let u = w + 77. What is the tens digit of u?
2
What is the tens digit of 343/(-1372) - 20754/(-8)?
9
Suppose -2*i - 88 = -132. What is the tens digit of (15 - i)*1/((-1)/6)?
4
Let p = 107 - 65. Suppose -p = 4*b + 106. Let q = 66 + b. What is the tens digit of q?
2
Let t be 6*(7 - 6) - 6. What is the units digit of 1017 + 1 - (-13 + (t - -16))?
5
Suppose 3*r = 3*d + 36, -3*d = -0*r + 2*r + 16. Let l be ((-5)/(-2))/((-4)/d). What is the hundreds digit of 5/(l/(-252))*1/(-2)?
1
Suppose 144*a + 64*a = 1016080. What is the tens digit of a?
8
Suppose -2*c = z - c + 912, 0 = 5*z - 2*c + 4525. Let k = z + 1606. What is the tens digit of k?
9
Let n(j) be the second derivative of 85*j**3/2 + 143*j**2/2 + 81*j. What is the units digit of n(3)?
8
Let v = 4577 + 12472. What is the thousands digit of v?
7
Let j = 11045 - 3833. What is the units digit of j?
2
Let k(v) = -47 + 11 - 1 - 53 - 37*v. What is the units digit of k(-10)?
0
Let h = -263 - -16. Let u = 482 - h. What is the units digit of u?
9
Let i(x) = -37*x + 242. Let a be i(-6). Let s = 81 + a. What is the hundreds digit of s?
5
Let b be 3/(-5)*17*(3 + -18). Let u = b - 84. Suppose -65*r = -u*r + 100. What is the tens digit of r?
2
Suppose -4*u - 41 - 27 = 4*h, 4*u + 80 = -5*h. What is the tens digit of 2*(-1899)/h - (-1)/2?
1
What is the units digit of (-1869)/105*(-691 - -1)?
2
Let l(g) = 9457*g - 433. What is the ten thousands digit of l(4)?
3
Suppose 3*l = 5*i - 13970 - 64743, -5*i + 4*l = -78719. What is the units digit of i?
9
Suppose 1526270 = -46*m + 210*m + 26*m. What is the thousands digit of m?
8
Let i = -13324 - -13781. What is the units digit of i?
7
Let w be 8/6*7/(28/(-828)). Suppose -3*n = 2*n + 4*q - 1957, 0 = -2*n - 3*q + 787. Let z = n + w. What is the units digit of z?
3
Let g be -6*(-1)/(-3) + 2741. Suppose -90*a = -79*a - g. What is the units digit of a?
9
Suppose 8*c - 19*c = -44. Suppose -3*y = -2*a - 114, -6*a - 152 = -c*y - 5*a. What is the units digit of y?
8
Let z = 7826 - 5512. What is the units digit of z?
4
Suppose -8376 = -5*u - z, z + 2402 + 954 = 2*u. Suppose -4*i - b + 1244 + 990 = 0, 3*i - u = -b. What is the hundreds digit of i?
5
Let d(o) = 943*o**3 + 12*o**2 + 13*o - 41. What is the hundreds digit of d(4)?
5
Let j(x) = -x**3 - 11*x**2 - 11*x - 9. Let m be j(-10). Let g = m - -25. Let y = 43 + g. What is the units digit of y?
9
Suppose 3*d - 9234 = -3*v, 177*v - 175*v - 6166 = -4*d. What is the units digit of v?
3
Let w(k) be the third derivative of 38*k**5/15 + k**4/4 + k**3/6 - 31*k**2. What is the units digit of w(2)?
1
Let t be 4/5 + 372448/40. What is the hundreds digit of (-8)/6 - (-5 - t/18)?
5
Let l be 3 + -1 + 10 + -8. Suppose 205 = 4*q - r + 6*r, -l*r = -4*q + 232. What is the units digit of q?
5
Let c be (-9)/3 - (-6 - -1). Suppose h + 3 = 3*n, c*n = -1 + 5. What is the tens digit of 2220/42 + h/21?
5
Let h(i) = 2*i**3 - i**2 - 69*i + 459. What is the ten thousands digit of h(21)?
1
Let a = 251 - 246. Suppose 3*i = 3*d + i - 688, -5*d - a*i + 1155 = 0. What is the units digit of d?
0
Let n(l) = l**3 + 11*l**2 + 10*l + 6. Let k be n(-10). Suppose -5*y = -k*q + 4*q - 1672, 0 = y + 3*q - 348. What is the tens digit of y?
3
Let k(y) = -7*y**2 + 7*y + 4. Let m be k(-4). Let j = 99 - m. What is the hundreds digit of j?
2
Let v = -100 - -99. What is the hundreds digit of (-56 - v)/(6/(-576)*6)?
8
Let r(t) = -34*t - 33. Let x be r(7). Let j = -8 - x. What is the hundreds digit of j?
2
Suppose 0 = -3*i + 13*i - 30. Suppose j - 33 = -s + 96, -5*s = -i*j + 403. What is the hundreds digit of (1 - -4 - 0) + j?
1
Suppose 2*f = -13 + 3, -5*f + 891 = -2*g. What is the tens digit of (5/(-1))/5*g?
5
Suppose -10234*d + 4569 = -10233*d. What is the tens digit of d?
6
Let l(d) = -918*d**2 + 2*d + 1. Let o be l(1). Let y = 1341 + o. What is the tens digit of y?
2
Let y(p) = 5*p**2 - 39*p + 590. What is the units digit of y(-19)?
6
Let w(x) = -20*x + 152. Let p be w(7). Suppose p*t - 7000 = 4*t. What is the units digit of t?
5
What is the units digit of 4*-3 - (-5740254)/222?
5
Let h(m) = 1 + 3 + 3*m + 17*m**2 - 4 - 5 - m**3. What is the units digit of h(7)?
6
Suppose -81*t = -1275448 - 615173. What is the tens digit of t?
4
Let m = 10498 - 5514. Suppose -5*u - o = -m, -u = -8*o + 3*o - 1002. What is the units digit of u?
7
Suppose -s = -9 + 49. Suppose 3*b + 95 = -151. Let o = s - b. What is the tens digit of o?
4
Let m be (213/284)/(6/632). Let t = -20 + 27. Let f = m + t. What is the tens digit of f?
8
Suppose 3*u + 12 = -0*u, 0 = -4*t - 2*u + 72. Suppose -4*v + 5*h + 101 = 2*h, 0 = -3*v - 4*h + 57. Let p = v - t. What is the units digit of p?
3
Let a(l) = 246*l**2 + 4*l - 2. Let s be a(-4). Let z = s + -2580. What is the tens digit of z?
3
Let u be 2*(-1 + -2 - -2). What is the hundreds digit of u/8 - 1706/(-8)?
2
Let f(l) be the third derivative of 0*l + 89/3*l**3 + 0 - 20*l**2 - 1/120*l**6 + 7/24*l**4 + 1/60*l**5. What is the tens digit of f(0)?
7
Let l(i) = 2*i - 12. Let m be l(6). Suppose -2*s + 10*s - 2368 = m. What is the units digit of s?
6
Suppose -2*h = f + 8, 20 = -16*h + 12*h. Suppose 1708 = 2*s + f*n, -5*n - 9